nder when 51 is divided by -4 - 628/(-28) - (-3)/(-7).
15
Let h = 43 - 26. Suppose -2*z + h = 3*r - 4*r, 0 = -3*z - r + 33. Let d = 33 + -27. What is the remainder when z is divided by d?
4
Let q(m) = -6*m + 353. Calculate the remainder when 889 is divided by q(51).
43
Let q(t) = -3*t + 12. Let r be q(8). Let w = r + 14. Suppose -m + 3*f = 8, -3*m - w*f - 7 = -27. What is the remainder when 14 is divided by m?
2
Suppose 19 = 6*y - 29. Let a = 60 - y. Let i = 74 - a. What is the remainder when 41 is divided by i?
19
Suppose -4*g + f + 102 + 30 = 0, 2*g - 4*f - 80 = 0. Calculate the remainder when 74 is divided by g.
10
Let x(j) = 22*j - 1. Calculate the remainder when 321 is divided by x(3).
61
Let z = 2033 + -1926. Calculate the remainder when 114 is divided by z.
7
Let q(z) = 63*z - 2. Let s be q(1). Let n = s + -35. Let w = -12 + n. What is the remainder when 54 is divided by w?
12
Calculate the remainder when (3388/63 - 6) + (-2)/(-9) is divided by 3.
0
Suppose -70 = -4*t - t. Suppose -5*u = 5*q - 85, -3*u + t = 2*q - 35. What is the remainder when 1/(28/12) + 2619/63 is divided by u?
12
Let p(f) = -2*f - 7*f + 15 + 0*f**3 - 2 - 11*f**2 + f**3. Calculate the remainder when p(12) is divided by 17.
15
Suppose 0 = -90*x + 106*x - 288. What is the remainder when 863 is divided by x?
17
Let k = 17 + -8. Let a be (-13)/(-3) - 3/k. Suppose -3*t - 2*f = -5*f - 3, 5*t = a*f + 7. Calculate the remainder when 4 is divided by t.
1
Let v(c) = -2*c**3 + 4*c**2 + c + 10. Suppose 0 = 8*r - 2*r - 150. Calculate the remainder when v(-4) is divided by r.
23
Let u(a) be the second derivative of 7*a**3/6 - 3*a. Let h(v) = -v**2. Let n(i) = h(i) + u(i). Calculate the remainder when 15 is divided by n(6).
3
Suppose -693 = -31*c + 24*c. What is the remainder when c is divided by 15?
9
Let c = 63 - 42. Calculate the remainder when 78 is divided by c.
15
Suppose 2*x + 5*d + 2 = d, 5*d = -15. Calculate the remainder when 169 is divided by x.
4
Let o = -442 + 445. Calculate the remainder when -1*(-5 + 1*-2) is divided by o.
1
Suppose 0 = -6*c + 11*c + 410. Let p = -29 - c. Let y = 16 + -2. Calculate the remainder when p is divided by y.
11
Let z(t) = 2*t**3 - 7*t**2 + 11*t - 21. Let c be z(5). Suppose -7*k + 346 = -c. Calculate the remainder when k is divided by ((-1)/(-1))/((-2)/(-44)).
21
Suppose u + 6 = 4*u. What is the remainder when (0/2 - -14)/(u/3) is divided by 13 + 3/(6/(-4))?
10
Let y = 2 + 4. Let j = 57 - 41. Suppose 4*l - 5*n - 32 = -n, n + j = 3*l. What is the remainder when y is divided by l?
2
Let c(y) = 2*y**3 - 14*y**2 - 23*y + 43. What is the remainder when c(10) is divided by 46?
45
Let f(g) = -g**2 + 9*g + 99. Calculate the remainder when 76 is divided by f(14).
18
Let w = 13 + 5. Let o(m) = 41*m - 12. What is the remainder when o(2) is divided by w?
16
Let y(s) = -s**3 + 3*s**2 + 2*s. Let d be y(3). Suppose 4*g - d*g = 0. Suppose -i + 22 = -g. What is the remainder when i is divided by 6?
4
Suppose 0*j - 4 = 2*j. Let a(i) = -8*i - 2. Suppose -2199 - 2425 = -68*o. What is the remainder when o is divided by a(j)?
12
Let w = 219 + -114. Suppose 21*z - w = 147. Let s = 7 + 0. Calculate the remainder when z is divided by s.
5
Suppose 0 = -3*a - 4*t + 26, 3*a - 2*t = a - 6. Suppose i + m = 24, -a*i + 6*i = -2*m + 92. What is the remainder when 83 is divided by i?
17
Let s = 669 + -501. What is the remainder when s is divided by 16?
8
Let w = -890 - -937. Let s(d) = 2*d**2 - 2. Calculate the remainder when w is divided by s(-3).
15
Suppose 68 + 50 = 2*i. What is the remainder when i is divided by (-22)/33 + 285/9?
28
Suppose z - 14 = 24. What is the remainder when z is divided by (-13)/((-4 - -5) + 2 + -4)?
12
Let a = -1286 + 1333. Calculate the remainder when a is divided by 26.
21
Let n(i) = i**3 + 9*i**2 + 7*i - 4. Let g be n(-8). Let z = 10 - g. Suppose 0*p + 3*p = 30. What is the remainder when p is divided by z?
4
Let y(c) = -c**3 + 8*c**2 + 13*c - 7. Let d(f) = 10*f - 9. What is the remainder when y(9) is divided by d(2)?
7
Suppose -239 = 13*i - 486. What is the remainder when 388 is divided by i?
8
Let t be ((-25543)/(-369) - 4/18)/(-1). Suppose -4*l - 34 = 10. Let n = l - t. Calculate the remainder when n is divided by 15.
13
Let o = -826 - -831. Let y = -18 - -39. Let c = -14 + y. Calculate the remainder when c is divided by o.
2
Let t = 172 + -159. What is the remainder when 88 is divided by t?
10
Let w = 825 + -485. Calculate the remainder when w is divided by 11.
10
Let i = 162 - 62. Calculate the remainder when i is divided by 28.
16
Let x(b) = -5*b**3 - 3*b + 1. Let i be x(2). Let j = -12 - i. Let c = 37 - 19. Calculate the remainder when j is divided by c.
15
Let f = -3 - -9. Suppose j = -2*q - 4*j + 4, 5*q = -4*j + 10. Calculate the remainder when (f/(-4))/(-4 + (-14)/(-4)) is divided by q.
1
Let i(v) = -v. Let t be i(-4). Suppose 7*h - t*h = 117. Let o(f) = -f**2 + 12*f + 3. Calculate the remainder when h is divided by o(11).
11
Suppose -6*i = -10*i + 120. Let w be 0 - 0 - -3*i. Let t = -45 + w. What is the remainder when t is divided by 23?
22
Suppose -5*k - 2*z = -0*k - 100, 4*z + 70 = 5*k. Calculate the remainder when 25 is divided by (-2)/k - (-164)/18.
7
Suppose 765 = 3*g + 2*c, 5*c - 2*c = -9. Suppose 3*o - g + 5 = -q, 5*o = -2*q + 421. Calculate the remainder when o is divided by 28.
27
Let o(z) = z**3 + 6*z**2 - 7*z - 2. Let l be o(-7). Let q(b) = -4*b - 2. Let t be q(l). Suppose 2*k - t = -0. Calculate the remainder when 3 is divided by k.
0
Let q = 3 + 13. Suppose -68 = -f - 115*c + 119*c, 4*f + 2*c - 218 = 0. What is the remainder when f is divided by q?
8
Suppose -2*y - 2*g = -204, 7*g - 5 = 2*g. Calculate the remainder when 1108 is divided by y.
98
Let v(n) = 25*n**2 + 46*n - 227. Calculate the remainder when v(6) is divided by 56.
53
What is the remainder when (0 - -2)/((-54)/(-2592)) is divided by 33?
30
Suppose 0 = -3*j - 4*r + 50, j = 5*r + 3 + 1. Suppose -4*s - 4 = 0, -5*o + 0*s = -4*s - j. Calculate the remainder when 5 is divided by o.
1
Suppose 5*t - 10 - 15 = 0. Let y = 8 + t. Let q(k) = k**2 + 2*k + 63. Calculate the remainder when q(0) is divided by y.
11
Suppose -5*m - 2699 - 2696 = -4*w, -5*w - m + 6751 = 0. Calculate the remainder when w is divided by 33.
30
Let y = 457 + -418. Calculate the remainder when 77 is divided by y.
38
Let r = 22 + -19. Let h(p) = 27*p + 4. Calculate the remainder when h(r) is divided by 22.
19
Let q(u) = -u**2 + u + 1. Let n(c) = -2*c**2 - 10*c + 21. Let k(v) = -n(v) + 3*q(v). What is the remainder when k(8) is divided by 8?
6
Suppose -f - 7 = -4. Let t be (-1)/(1/f) - -17. Suppose n - 3*n = -t. What is the remainder when 18 is divided by n?
8
Let c(y) = -8*y + 3. Suppose -6*j + 294 = -3*j + 5*i, 321 = 3*j - 4*i. What is the remainder when j is divided by c(-3)?
22
Let k = 101 + -13. What is the remainder when k is divided by 26?
10
What is the remainder when 72 is divided by ((-1856)/128)/((-1)/2)?
14
Suppose -4*y + 2*y = -10. Let x be 1/(-1) - (y + -10). What is the remainder when 2/x*(2 + 74) is divided by 8?
6
Suppose z = -4*z - 4*g + 275, -4*g - 220 = -4*z. Suppose -z + 209 = 11*q. What is the remainder when 26 is divided by q?
12
Let z(x) = 4*x**2 - x - 5. Calculate the remainder when 63 is divided by z(-3).
29
Suppose -9*j + 98 + 73 = 0. What is the remainder when 32 is divided by j?
13
Let h be 3 - (12/4 - 3). Let b(f) = 3*f + 3. Let r be b(h). What is the remainder when 14/3*18/r is divided by 4?
3
Let x = 68 - 43. Suppose -4*f = -9*f + 370. Calculate the remainder when x is divided by f/10 - 4/10.
4
Let w(o) = 5*o + 68. Let c be w(-7). Calculate the remainder when (7/(-22) - 6/c)*-38 is divided by 5.
4
Let l = -15 - -9. Let z be ((-16)/l)/((-8)/(-12)). Suppose -z*t + 193 = 77. What is the remainder when t is divided by 5?
4
Suppose -1 = -3*v - 3*y - y, 0 = 2*v + 5*y + 11. Calculate the remainder when v is divided by 5.
2
Let r = -14 - -19. Suppose -305 = -r*p - 45. Suppose 2*i + 5*z + 0*z - 56 = 0, -4*i - 5*z + 92 = 0. Calculate the remainder when p is divided by i.
16
Let w(f) = f**3 - 48*f**2 - 207*f - 19. What is the remainder when w(52) is divided by 21?
12
Suppose -3*w - 7*k = -4*k - 81, -2*w + 56 = k. Calculate the remainder when 344 is divided by w.
25
Suppose 